{"id":2,"date":"2025-11-14T11:32:36","date_gmt":"2025-11-14T11:32:36","guid":{"rendered":"http:\/\/makrobilans.pl\/?page_id=2"},"modified":"2026-01-15T13:52:31","modified_gmt":"2026-01-15T13:52:31","slug":"sample-page","status":"publish","type":"page","link":"https:\/\/makrobilans.pl\/index.php\/sample-page\/","title":{"rendered":"Firma audytorska"},"content":{"rendered":"\t\t<div data-elementor-type=\"wp-page\" data-elementor-id=\"2\" class=\"elementor elementor-2\">\n\t\t\t\t<div class=\"elementor-element elementor-element-aec733c e-flex e-con-boxed e-con e-parent\" data-id=\"aec733c\" data-element_type=\"container\" data-e-type=\"container\">\n\t\t\t\t\t<div class=\"e-con-inner\">\n\t\t\t\t<div class=\"elementor-element elementor-element-21f7e049 elementor-widget elementor-widget-text-editor\" data-id=\"21f7e049\" data-element_type=\"widget\" data-e-type=\"widget\" data-widget_type=\"text-editor.default\">\n\t\t\t\t\t\t\t\t\t<dl class=\"row-md jh-entity-details\">\n<dt>REJESTR PA\u0143STWOWEJ AGENCJI NADZORU AUDYTORSKIEGO<\/dt>\n<dt><\/dt>\n<dt>Numer:<\/dt>\n<dd>1018<\/dd>\n<dt>Pe\u0142na nazwa:<\/dt>\n<dd>MAKRO-BILANS Biuro Us\u0142ug Finansowo-Ksi\u0119gowych Sp\u00f3\u0142ka z ograniczon\u0105 odpowiedzialno\u015bci\u0105<\/dd>\n<dt>Skr\u00f3cona nazwa:<\/dt>\n<dd>MAKRO-BILANS Biuro Us\u0142ug Finansowo Ksi\u0119gowych Sp. z o.o.<\/dd>\n<dt>Adres:<\/dt>\n<dd>\n<div class=\"ng-star-inserted\"><span class=\"ng-star-inserted\">Cyranowska 25,\u00a039-300 Mielec, woj.\u00a0podkarpackie<\/span><\/div>\n<\/dd>\n<dt>Strona www:<\/dt>\n<dd><span class=\"ng-star-inserted\"><a class=\"link\" href=\"http:\/\/makrobil@poczta.wp.pl\/\">makrobil@poczta.wp.pl<\/a><\/span><\/dd>\n<dt>Forma organizacyjno-prawna:<\/dt>\n<dd>sp\u00f3\u0142ka z ograniczon\u0105 odpowiedzialno\u015bci\u0105<\/dd>\n<\/dl>\t\t\t\t\t\t\t\t<\/div>\n\t\t\t\t\t<\/div>\n\t\t\t\t<\/div>\n\t\t\t\t<\/div>\n\t\t","protected":false},"excerpt":{"rendered":"<p>REJESTR PA\u0143STWOWEJ AGENCJI NADZORU AUDYTORSKIEGO Numer: 1018 Pe\u0142na nazwa: MAKRO-BILANS Biuro Us\u0142ug Finansowo-Ksi\u0119gowych Sp\u00f3\u0142ka z ograniczon\u0105 odpowiedzialno\u015bci\u0105 Skr\u00f3cona nazwa: MAKRO-BILANS Biuro Us\u0142ug Finansowo Ksi\u0119gowych Sp. z o.o. Adres: Cyranowska 25,\u00a039-300 Mielec, woj.\u00a0podkarpackie Strona www: makrobil@poczta.wp.pl Forma organizacyjno-prawna: sp\u00f3\u0142ka z ograniczon\u0105 odpowiedzialno\u015bci\u0105<\/p>\n","protected":false},"author":1,"featured_media":0,"parent":0,"menu_order":0,"comment_status":"closed","ping_status":"open","template":"","meta":{"neve_meta_sidebar":"","neve_meta_container":"","neve_meta_enable_content_width":"","neve_meta_content_width":0,"neve_meta_title_alignment":"","neve_meta_author_avatar":"","neve_post_elements_order":"","neve_meta_disable_header":"","neve_meta_disable_footer":"","neve_meta_disable_title":"","footnotes":""},"class_list":["post-2","page","type-page","status-publish","hentry"],"_links":{"self":[{"href":"https:\/\/makrobilans.pl\/index.php\/wp-json\/wp\/v2\/pages\/2","targetHints":{"allow":["GET"]}}],"collection":[{"href":"https:\/\/makrobilans.pl\/index.php\/wp-json\/wp\/v2\/pages"}],"about":[{"href":"https:\/\/makrobilans.pl\/index.php\/wp-json\/wp\/v2\/types\/page"}],"author":[{"embeddable":true,"href":"https:\/\/makrobilans.pl\/index.php\/wp-json\/wp\/v2\/users\/1"}],"replies":[{"embeddable":true,"href":"https:\/\/makrobilans.pl\/index.php\/wp-json\/wp\/v2\/comments?post=2"}],"version-history":[{"count":7,"href":"https:\/\/makrobilans.pl\/index.php\/wp-json\/wp\/v2\/pages\/2\/revisions"}],"predecessor-version":[{"id":161,"href":"https:\/\/makrobilans.pl\/index.php\/wp-json\/wp\/v2\/pages\/2\/revisions\/161"}],"wp:attachment":[{"href":"https:\/\/makrobilans.pl\/index.php\/wp-json\/wp\/v2\/media?parent=2"}],"curies":[{"name":"wp","href":"https:\/\/api.w.org\/{rel}","templated":true}]}}