{"id":44,"date":"2025-11-14T13:17:03","date_gmt":"2025-11-14T13:17:03","guid":{"rendered":"https:\/\/makrobilans.pl\/?page_id=44"},"modified":"2026-01-15T10:39:55","modified_gmt":"2026-01-15T10:39:55","slug":"kontakt","status":"publish","type":"page","link":"https:\/\/makrobilans.pl\/index.php\/kontakt\/","title":{"rendered":"Kontakt"},"content":{"rendered":"\t\t<div data-elementor-type=\"wp-page\" data-elementor-id=\"44\" class=\"elementor elementor-44\">\n\t\t\t\t<div class=\"elementor-element elementor-element-647f6485 e-flex e-con-boxed e-con e-parent\" data-id=\"647f6485\" data-element_type=\"container\" data-e-type=\"container\">\n\t\t\t\t\t<div class=\"e-con-inner\">\n\t\t\t\t<div class=\"elementor-element elementor-element-37b47c57 elementor-widget elementor-widget-text-editor\" data-id=\"37b47c57\" data-element_type=\"widget\" data-e-type=\"widget\" data-widget_type=\"text-editor.default\">\n\t\t\t\t\t\t\t\t\t<p><strong><\/strong><\/p>\n<p><strong>MAKRO-BILANS BIURO US\u0141UG FINANSOWO-KSI\u0118GOWYCH SP\u00d3\u0141KA Z OGRANICZON\u0104 ODPOWIEDZIALNO\u015aCI\u0104<\/strong><\/p>\n<p><strong><\/strong><\/p>\n<h4 class=\"wp-block-heading\"><strong>Adres:<\/strong><\/h4>\n<p><strong><\/strong><\/p>\n<p><strong>UL. CYRANOWSKA 25<\/strong><br \/><strong>39-300\u00a0MIELEC<\/strong><\/p>\n<p><strong><\/strong><\/p>\n<h4 class=\"wp-block-heading\"><strong>NIP: 8171006226<\/strong><\/h4>\n<p><strong><\/strong><\/p>\n<h4 class=\"wp-block-heading\"><strong>KRS: 0000198808<\/strong><\/h4>\n<p><strong><\/strong><\/p>\n<h4 class=\"wp-block-heading\"><strong>REGON: 690342559<\/strong><\/h4>\n<p><strong><\/strong><\/p>\n<h4 class=\"wp-block-heading\"><strong>Kapita\u0142 zak\u0142adowy: 5 000\u00a0z\u0142<\/strong><\/h4>\n<p><strong><\/strong><\/p>\n<p><strong>TELEFON: 639108415<\/strong><\/p>\n<p><strong><\/strong><\/p>\n<p><strong>E-MAIL: makrobil@wp.pl<\/strong><\/p>\n<p><strong><\/strong><\/p>\n<p>\u00a0<\/p>\n<p><strong><\/strong><\/p>\t\t\t\t\t\t\t\t<\/div>\n\t\t\t\t\t<\/div>\n\t\t\t\t<\/div>\n\t\t\t\t<\/div>\n\t\t","protected":false},"excerpt":{"rendered":"<p>MAKRO-BILANS BIURO US\u0141UG FINANSOWO-KSI\u0118GOWYCH SP\u00d3\u0141KA Z OGRANICZON\u0104 ODPOWIEDZIALNO\u015aCI\u0104 Adres: UL. CYRANOWSKA 2539-300\u00a0MIELEC NIP: 8171006226 KRS: 0000198808 REGON: 690342559 Kapita\u0142 zak\u0142adowy: 5 000\u00a0z\u0142 TELEFON: 639108415 E-MAIL: makrobil@wp.pl \u00a0<\/p>\n","protected":false},"author":1,"featured_media":0,"parent":0,"menu_order":0,"comment_status":"closed","ping_status":"closed","template":"","meta":{"neve_meta_sidebar":"","neve_meta_container":"","neve_meta_enable_content_width":"","neve_meta_content_width":0,"neve_meta_title_alignment":"","neve_meta_author_avatar":"","neve_post_elements_order":"","neve_meta_disable_header":"","neve_meta_disable_footer":"","neve_meta_disable_title":"","footnotes":""},"class_list":["post-44","page","type-page","status-publish","hentry"],"_links":{"self":[{"href":"https:\/\/makrobilans.pl\/index.php\/wp-json\/wp\/v2\/pages\/44","targetHints":{"allow":["GET"]}}],"collection":[{"href":"https:\/\/makrobilans.pl\/index.php\/wp-json\/wp\/v2\/pages"}],"about":[{"href":"https:\/\/makrobilans.pl\/index.php\/wp-json\/wp\/v2\/types\/page"}],"author":[{"embeddable":true,"href":"https:\/\/makrobilans.pl\/index.php\/wp-json\/wp\/v2\/users\/1"}],"replies":[{"embeddable":true,"href":"https:\/\/makrobilans.pl\/index.php\/wp-json\/wp\/v2\/comments?post=44"}],"version-history":[{"count":14,"href":"https:\/\/makrobilans.pl\/index.php\/wp-json\/wp\/v2\/pages\/44\/revisions"}],"predecessor-version":[{"id":93,"href":"https:\/\/makrobilans.pl\/index.php\/wp-json\/wp\/v2\/pages\/44\/revisions\/93"}],"wp:attachment":[{"href":"https:\/\/makrobilans.pl\/index.php\/wp-json\/wp\/v2\/media?parent=44"}],"curies":[{"name":"wp","href":"https:\/\/api.w.org\/{rel}","templated":true}]}}